te the highest common factor of 508 and 9244.
4
What is the highest common divisor of 108 and 107298?
54
Calculate the greatest common divisor of 1908 and 42.
6
Calculate the greatest common divisor of 151922 and 370.
74
Calculate the greatest common divisor of 163747 and 746.
373
What is the highest common factor of 45968 and 16?
16
Calculate the greatest common divisor of 5185 and 4.
1
Calculate the greatest common factor of 2992 and 128112.
272
Calculate the greatest common divisor of 512 and 1844.
4
What is the greatest common divisor of 91290 and 1326?
102
What is the greatest common divisor of 172 and 17587?
43
What is the greatest common factor of 586861 and 11?
11
What is the greatest common divisor of 989 and 1591?
43
Calculate the highest common divisor of 132023 and 47.
47
Calculate the highest common divisor of 486149 and 459.
17
What is the highest common factor of 2907 and 333?
9
What is the greatest common divisor of 12306 and 1344?
42
What is the greatest common factor of 18561 and 35259?
69
What is the greatest common divisor of 4 and 3212?
4
Calculate the highest common factor of 12563 and 1088.
17
What is the greatest common factor of 119469 and 105?
21
Calculate the highest common divisor of 302 and 2.
2
What is the greatest common factor of 2341674 and 684?
342
What is the highest common divisor of 39813 and 1081?
23
Calculate the greatest common factor of 328 and 154242.
82
Calculate the greatest common divisor of 14982 and 41541.
681
Calculate the highest common divisor of 153 and 10107.
9
Calculate the highest common divisor of 837 and 18786.
93
Calculate the highest common divisor of 20471 and 11.
11
Calculate the highest common divisor of 120 and 2216920.
40
What is the greatest common divisor of 22400 and 117376?
896
What is the highest common divisor of 103974 and 387?
129
Calculate the highest common divisor of 442 and 22440.
34
Calculate the greatest common divisor of 99722 and 126.
14
Calculate the greatest common factor of 8817 and 6.
3
What is the greatest common divisor of 151 and 225292?
151
Calculate the greatest common divisor of 6474 and 45357.
39
Calculate the greatest common divisor of 13986 and 119.
7
What is the greatest common divisor of 15 and 161430?
15
What is the highest common divisor of 20 and 263135?
5
Calculate the greatest common factor of 1235 and 529245.
95
What is the highest common factor of 48 and 55740?
12
What is the greatest common divisor of 177 and 8083?
59
What is the highest common factor of 13 and 796523?
13
Calculate the greatest common divisor of 14598 and 30.
6
Calculate the highest common factor of 19380 and 11050.
170
Calculate the greatest common divisor of 2256 and 522734.
94
Calculate the greatest common factor of 186 and 267.
3
What is the greatest common factor of 294504 and 21?
21
Calculate the greatest common divisor of 324 and 141276.
12
What is the highest common divisor of 109 and 110417?
109
What is the highest common factor of 96126 and 55857?
1299
What is the greatest common factor of 124 and 2012396?
124
Calculate the highest common divisor of 56 and 308728.
56
Calculate the greatest common factor of 26985 and 346179.
771
What is the greatest common divisor of 1775 and 331215?
355
What is the greatest common factor of 682 and 1002199?
341
What is the highest common divisor of 26412 and 60?
12
What is the highest common divisor of 189476 and 606?
202
What is the highest common divisor of 8264 and 904?
8
What is the greatest common factor of 110040 and 6720?
840
Calculate the highest common factor of 4272 and 460486.
178
What is the greatest common divisor of 70413 and 21?
21
Calculate the highest common factor of 53924 and 175032.
884
Calculate the highest common divisor of 1300 and 78312.
52
Calculate the highest common divisor of 1078280 and 40.
40
What is the highest common divisor of 5098753 and 99?
11
What is the highest common factor of 280 and 3955?
35
What is the highest common divisor of 17095 and 7865?
65
Calculate the greatest common factor of 56122 and 231.
11
What is the greatest common factor of 5 and 1277?
1
Calculate the greatest common divisor of 4140 and 71980.
20
Calculate the greatest common factor of 6687 and 1381237.
743
What is the greatest common factor of 113152 and 91?
13
Calculate the highest common factor of 13566 and 494.
38
What is the highest common divisor of 987485 and 205?
205
What is the highest common factor of 5518 and 147206?
178
Calculate the greatest common divisor of 876770 and 2150.
430
What is the greatest common factor of 2771 and 730403?
163
What is the greatest common divisor of 216 and 17694?
18
Calculate the greatest common divisor of 208 and 11986.
26
Calculate the greatest common divisor of 331338 and 11319.
1029
What is the highest common divisor of 88160 and 16?
16
Calculate the highest common divisor of 273 and 782439.
21
What is the highest common factor of 28007 and 14?
7
What is the highest common factor of 24034 and 1182?
394
What is the greatest common divisor of 2465 and 502715?
145
Calculate the highest common divisor of 490 and 28630.
70
What is the greatest common factor of 140 and 1900?
20
What is the greatest common divisor of 40092 and 167564?
1028
What is the highest common divisor of 8041 and 65274?
473
Calculate the highest common divisor of 614499 and 612.
51
What is the greatest common factor of 65 and 26585?
65
Calculate the greatest common factor of 18 and 2140686.
18
Calculate the highest common divisor of 92 and 505287.
23
Calculate the highest common divisor of 48 and 81264.
48
Calculate the greatest common factor of 2408 and 2666.
86
Calculate the highest common factor of 792 and 95568.
264
What is the highest common divisor of 223872 and 795?
159
Calculate the greatest common divisor of 140 and 2518160.
20
What is the highest common factor of 497 and 1545457?
71
Calculate the greatest common divisor of 32872 and 224.
56
What is the greatest common divisor of 22083 and 357?
51
What is the highest common divisor of 38 and 105583?
19
Calculate the highest common divisor of 40 and 5896.
8
What is the highest common factor of 435519 and 315?
63
What is the highest common divisor of 75 and 113235?
15
What is the greatest common factor of 2205 and 87?
3
Calculate the highest common divisor of 40 and 660130.
10
Calculate the greatest common factor of 3839893 and 142.
71
What is the highest common factor of 2983 and 13319?
19
What is the greatest common factor of 96 and 347496?
24
Calculate the highest common factor of 2392 and 176.
8
What is the greatest common divisor of 1710 and 17214?
114
What is the highest common divisor of 39988 and 28453?
769
Calculate the highest common factor of 246619 and 178.
89
What is the highest common divisor of 26 and 3510?
26
What is the greatest common divisor of 3675 and 1491?
21
What is the greatest common divisor of 237 and 15168?
237
Calculate the greatest common divisor of 330 and 12.
6
Calculate the highest common divisor of 3136 and 7693.
49
What is the greatest common factor of 4270 and 1205?
5
What is the highest common divisor of 76 and 4944028?
76
Calculate the greatest common divisor of 106952 and 232.
232
What is the greatest common divisor of 1095344 and 272?
272
Calculate the highest common divisor of 1 and 620208.
1
What is the greatest common divisor of 244 and 50142?
122
Calculate the highest common factor of 1057 and 156889.
151
What is the greatest common factor of 1477 and 21?
7
What is the greatest common divisor of 684 and 1692?
36
Calculate the highest common divisor of 63428 and 2198.
314
Calculate the greatest common factor of 28 and 19775.
7
Calculate the greatest common factor of 54648 and 21879.
99
What is the greatest common factor of 1554960 and 627?
627
Calculate the highest common factor of 6707 and 1121.
19
Calculate the highest common factor of 4230 and 297.
9
Calculate the highest common divisor of 66 and 1738.
22
What is the highest common divisor of 539552 and 8?
8
Calculate the highest common factor of 72 and 32376.
24
What is the highest common factor of 1677 and 20007?
39
What is the highest common factor of 4325157 and 27?
27
What is the highest common divisor of 140 and 73724?
28
What is the highest common diviso